122?
-9a119
In base 11, what is 11918 - 0?
11918
In base 2, what is 1001001 - 11110111010001?
-11110110001000
In base 9, what is -10868 + 3?
-10865
In base 8, what is 3341 + 1113?
4454
In base 14, what is -1a64a - 29?
-1a675
In base 2, what is 1111101011100100 + -10?
1111101011100010
In base 2, what is -10 - -101001101101010000?
101001101101001110
In base 3, what is -2 + -111212122?
-111212201
In base 12, what is -7 - 5019?
-5024
In base 11, what is -5000 + -4?
-5004
In base 15, what is 522b - -3?
522e
In base 9, what is -4 - 1751047?
-1751052
In base 10, what is 1 + -15963?
-15962
In base 14, what is -4a0 - -92?
-40c
In base 5, what is 3404430 + -10?
3404420
In base 11, what is 7a8a - -1?
7a90
In base 4, what is 32323 + -30?
32233
In base 12, what is 2 - 8630?
-862a
In base 5, what is -22 - -21301132?
21301110
In base 5, what is 10 + 13201112?
13201122
In base 4, what is -112 + 1013?
301
In base 5, what is 3 + -10103430?
-10103422
In base 14, what is 35 + 161d?
1654
In base 14, what is -5 + 21111?
2110a
In base 4, what is 32233 - -1103?
100002
In base 15, what is -5e + 3ee?
390
In base 5, what is 131 - -14240?
14421
In base 13, what is -3a7 - -89?
-31b
In base 12, what is -3 - -650a39?
650a36
In base 10, what is -3047904 + -2?
-3047906
In base 14, what is -5799 + 2?
-5797
In base 3, what is -101 + 121221212020?
121221211212
In base 11, what is 0 + -44030?
-44030
In base 10, what is 30 - -84090?
84120
In base 12, what is 5a + 5745?
57a3
In base 9, what is 1 - -80407?
80408
In base 16, what is -2a + 1490?
1466
In base 7, what is -2414 - -5361?
2644
In base 5, what is 140 + -212414?
-212224
In base 15, what is 111ab - -2?
111ad
In base 7, what is -5 + 1122643?
1122635
In base 10, what is 279562 - -2?
279564
In base 8, what is 140011 + 13?
140024
In base 3, what is -2021110 - -11002010?
1210200
In base 16, what is -52550 + 3?
-5254d
In base 2, what is 110 + 101110111000000?
101110111000110
In base 4, what is -12302 + -2200?
-21102
In base 5, what is -240214 - 10204?
-300423
In base 6, what is -10414 - 233?
-11051
In base 5, what is 4 - 4421033?
-4421024
In base 7, what is -4 - 606?
-613
In base 2, what is -10001001 + 11?
-10000110
In base 2, what is 0 - 11110000100000?
-11110000100000
In base 4, what is -12312331 - -10?
-12312321
In base 13, what is 15 + -15a?
-145
In base 2, what is 1010000101111 - -1000011?
1010001110010
In base 9, what is 8 + 313062?
313071
In base 8, what is -46123 - 13?
-46136
In base 5, what is 11134403 - -4?
11134412
In base 13, what is bb26 + -1?
bb25
In base 6, what is -345 + 13444?
13055
In base 12, what is -38 - -125?
a9
In base 2, what is -10 + -100111010001000011?
-100111010001000101
In base 16, what is -9 - -12074?
1206b
In base 15, what is -7 - ba1?
-ba8
In base 12, what is -1254 - 28?
-1280
In base 4, what is 2003112 - -3013?
2012131
In base 8, what is -3 - 4061?
-4064
In base 2, what is -100011100011000 - 1101100?
-100011110000100
In base 9, what is 47622 - -3?
47625
In base 13, what is -3 + 5b313?
5b310
In base 11, what is 31 + 14551?
14582
In base 5, what is 10323 - 2?
10321
In base 11, what is 8281 + -131?
8150
In base 15, what is 9 - 12cde?
-12cd5
In base 6, what is -305 - 141154?
-141503
In base 12, what is 27209b + 0?
27209b
In base 15, what is 145b5 - 5?
145b0
In base 7, what is -324450 + -12?
-324462
In base 12, what is -93a483 - 5?
-93a488
In base 9, what is -182554 + 6?
-182547
In base 6, what is -131442 + 5?
-131433
In base 12, what is 11 + 101401?
101412
In base 3, what is -1 - -11021201?
11021200
In base 5, what is 22231 + 10?
22241
In base 11, what is 2089 - -13?
20a1
In base 15, what is a + -42b2?
-42a7
In base 15, what is 3736 + 94?
37ca
In base 13, what is -8b988 + -4?
-8b98c
In base 5, what is 114 - 2220213?
-2220044
In base 10, what is -804710 - 0?
-804710
In base 6, what is 2334543 + -4?
2334535
In base 16, what is -176 + f?
-167
In base 16, what is -129f6 + -9?
-129ff
In base 11, what is 21 + 4363?
4384
In base 11, what is 3828 - 12?
3816
In base 4, what is 3330011112 + 11?
3330011123
In base 6, what is 3242 - -121?
3403
In base 10, what is -168286 - 26?
-168312
In base 15, what is -3b - -802e?
7ee3
In base 10, what is -6 + -27084?
-27090
In base 15, what is -77 - -b2b3?
b23b
In base 10, what is -2843 + -1?
-2844
In base 6, what is -43134 - -102?
-43032
In base 12, what is 20 - b?
11
In base 6, what is 3 + -32223344?
-32223341
In base 16, what is -4f07 - f?
-4f16
In base 13, what is -115b + 4?
-1157
In base 4, what is -1 - 2100103?
-2100110
In base 9, what is -4216486 - 3?
-4216500
In base 9, what is -3257 - 18?
-3276
In base 8, what is -1647 + -1?
-1650
In base 3, what is -2 + -110211100222?
-110211101001
In base 10, what is 4 + 87211?
87215
In base 14, what is -4b8a1 + -1?
-4b8a2
In base 6, what is 1240 - 153?
1043
In base 15, what is -1 - 26677?
-26678
In base 15, what is 10d5bcb + 1?
10d5bcc
In base 5, what is -1 + 24013433?
24013432
In base 9, what is 3 + 577282?
577285
In base 14, what is 11b07 - 4?
11b03
In base 4, what is 1123 + 23230?
31013
In base 12, what is -2 - -4682?
4680
In base 5, what is 12 + -240414?
-240402
In base 7, what is -2 + -66361?
-66363
In base 2, what is -110 - 10000001110000101?
-10000001110001011
In base 11, what is 1 + 60a00?
60a01
In base 14, what is -2a - 4a7a?
-4aa6
In base 14, what is 9dd3 - b?
9dc6
In base 3, what is 201 + -22210201?
-22210000
In base 5, what is 1044 - 2?
1042
In base 10, what is -1814276 + 2?
-1814274
In base 7, what is 165 + 2306?
2504
In base 6, what is -4 - 10025540?
-10025544
In base 8, what is 1111754 + -5?
1111747
In base 7, what is -124032 - -15?
-124014
In base 2, what is -1111011111 - -100000111?
-1011011000
In base 15, what is 4c9d + 2?
4ca0
In base 6, what is -2 - 211545?
-211551
In base 4, what is 133003 + 1201?
200210
In base 5, what is 0 + -3224133?
-3224133
In base 10, what is -2749 - 6?
-2755
In base 12, what is 21 + 25b32?
25b53
In base 11, what is 90631 + 3?
90634
In base 2, what is -101100001101 + 101111010?
-100110010011
In base 16, what is 5 - -1e01?
1e06
In base 12, what is 4 + 1600?
1604
In base 11, what is -4 + 171926?
171922
In base 15, what is 121d0 - 5?
121ca
In base 15, what is -306 - -8?
-2ed
In base 15, what is -31 + -848?
-879
In base 2, what is -1101 - 1110111001100111001?
-1110111001101000110
In base 9, what is -1113102 + 3?
-1113088
In base 12, what is -1243a + 3?
-12437
In base 14, what is 3 + 27bb?
27c0
In base 7, what is 4 + 335553?
335560
In base 11, what is -131 + 7017?
6996
In base 11, what is 6a2 - -59?
750
In base 2, what is 101 - 1101011111011111011?
-1101011111011110110
In base 16, what is -c0a - -2f?
-bdb
In base 13, what is -4 + -104ac?
-104b3
In base 10, what is 77224 - -3?
77227
In base 2, what is -11101000010110 + -11001110?
-11101011100100
In base 5, what is 322 - 20303?
-14431
In base 12, what is 786 - b2b?
-365
In base 10, what is -13 + -1731?
-1744
In base 14, what is -d1 + -4b1?
-5a2
In base 11, what is -38850 + 6?
-38845
In base 4, what is -2 - -1232022?
1232020
In base 13, what is 1ab0 + 6b?
1b4b
In base 5, what is 2 - -301310?
301312
In base 14, what is -6 - 14203?
-14209
In base 16, what is -11771 - -f?
-11762
In base 11, what is -3a13798 + 1?
-3a13797
In base 8, what is 10466 - -116?
10604
In base 16, what is -3d2 - 1b?
-3ed
In base 2, what is -10000110001000 + 0?
-10000110001000
In base 7, what is 21 + -1410153?
-1410132
In base 12, what is -231 - -48a0?
466b
In base 5, what is 110211 + 1?
110212
In base 13, what is -4 + -73cc?
-7403
In base 11, what is -52 + 610a?
6068
In base 8, what is -2 - -3603701?
3603677
In base 13, what is -2557 - -12?
-2545
In base 3, what is -20010200022 - 2?
-20010200101
In base 2, what is -10 + -11011100101110111?
-11011100101111001
In base 2, what is 1000001 - 1011000111100?
-1010111111011
In base 13, what is 2994 - 25?
296c
In base 6, what is -4434233 - 10?
-4434243
In base 6, what is -14551 - -11?
-14540
In base 15, what is -13d103 - -2?
-13d101
In base 6, what is 15 - -115401?
115420
In base 11, what is -95 - -13701?
13617
In base 15, what is 359 + -49?
310
In base 10, what is -48 + 2319?
2271
In base 9, what is 1145 + 34?
1180
In base 5, what is -132012 + 303?
-131204
In base 9, what is 312161 + -2?
312158
In base 12, what is 3 + 72396?
7239